culate the greatest common divisor of 6 and q.
2
Let h be (3 - (-4)/(-1)) + 3. Suppose 3*x = h*d + 62, -4*x + 17 = -d - 64. Let i be 5/(x/52) + 4. Calculate the greatest common divisor of i and 85.
17
Suppose -3086 + 434 = -39*x. Calculate the highest common factor of x and 28.
4
Let r = 145 + -4. Calculate the greatest common factor of r and 94.
47
Let l = -662 - -944. What is the highest common factor of 1269 and l?
141
Let q = 178 - 128. Suppose -4*f = -4*i - 132, 0 = -3*f + 5*f + 2*i - q. Calculate the greatest common factor of f and 87.
29
Let p(u) = u + 18. Let j be p(-8). Let t be (-3 - -1)*(-45)/j. What is the highest common factor of 36 and t?
9
Let r(f) = f**3 - 4*f**2 + 6*f - 10. Let u be r(5). What is the highest common divisor of 54 and u?
9
Let n(g) = -g**3 + 5*g**2 + 45*g - 26. Let s be n(9). Let d be (-8)/12 + 17/3. Calculate the greatest common divisor of s and d.
5
Let h(m) = -9*m - 101. Let c be h(-14). Calculate the highest common factor of c and 10.
5
Let k be 2 + ((-8)/14)/(8/28). Suppose -3*y + 2*q + 22 = -k*q, 3*y = -3*q - 3. Calculate the highest common divisor of 12 and y.
4
Suppose -3*r + o = -657, 3*r + o = 1067 - 404. Calculate the greatest common factor of 132 and r.
44
Let t = -438 - -456. What is the highest common factor of 2 and t?
2
Let r = -18 - -22. Suppose 0 = 4*g + 8, -5*c + 2*g + 21 = r*g. Let a = c - 1. Calculate the greatest common divisor of a and 28.
4
Suppose -3*i - 11 - 16 = 0. Let v = 2 - i. Let r be ((-6)/(-2))/(-7*8/(-1848)). What is the highest common factor of v and r?
11
Let n = -61 + 144. Let c = -68 + n. Let i(x) = x**3 + 5*x**2 - 8*x - 7. Let l be i(-6). Calculate the greatest common divisor of c and l.
5
Let w = -20 - -110. What is the highest common divisor of 54 and w?
18
Suppose -14*v = -10*v - 12. Suppose -2*j = -0*j + 10. Let k be ((-198)/15)/(2/j). Calculate the greatest common divisor of k and v.
3
Let x be 393 - 10 - (-2)/(2/(-5)). Calculate the highest common divisor of x and 108.
54
Let u(p) = p**2 - 3*p + 4. Let m be u(5). Let x be (532/(-105) - 1)/(1/(-6))*5. What is the greatest common factor of x and m?
14
Let b be (-1)/1*(-14 - (5 - 0)). Suppose 4 = -2*d, 3*d = 4*t - 9*t + b. What is the greatest common factor of t and 45?
5
Suppose -4*t - 4 = 4*f, t + 2*f = -4 - 2. Let k be (1*(-10)/2)/(-1). Suppose -t - 6 = -k*y. What is the highest common divisor of y and 5?
1
Let t(c) = c**2 + 6*c - 99. Let b be t(8). Calculate the greatest common divisor of 65 and b.
13
Let w(j) = -j**2 - 14*j - 41. Let z be w(-6). Calculate the greatest common factor of z and 2.
1
Let o = -78 - -348. Calculate the highest common divisor of 10 and o.
10
Suppose -z + 39 = -22. Calculate the greatest common factor of z and 61.
61
Let y be (-9)/12 - 246/(-8). Suppose -o + 2*o = y. What is the greatest common divisor of o and 60?
30
Suppose x + 3 = 2. Let b(s) = -10*s + 1. Let n be b(x). Let l = -1273 - -1274. Calculate the highest common divisor of n and l.
1
Suppose 15*h = -h + 192. What is the highest common factor of 12 and h?
12
Let n be -10 + (4 - 2) + 3. Let j be (-21)/(5/n) + -2. Calculate the greatest common divisor of j and 19.
19
Let n(x) = 1. Let u(s) = s - 17. Let c(y) = -6*n(y) - u(y). Let f be c(3). Let v = 136 + -72. What is the greatest common divisor of v and f?
8
Let d be 7 - (1 - 0)/(3/9). Suppose 0 = 2*m - d*h - 214, -h + 0*h + 491 = 5*m. Calculate the highest common factor of m and 9.
9
Let y = 12 + -9. Suppose 8*u - 220 = y*u. Calculate the highest common factor of u and 22.
22
Suppose 2*p = -s + 540, s - 3*p + 122 - 642 = 0. What is the highest common divisor of 76 and s?
76
Suppose -38 = -g - 3*d + 2*d, 5*g + 2*d - 205 = 0. Suppose n + 33 = 119. Calculate the greatest common factor of n and g.
43
Let i = -1959 - -4156. What is the highest common factor of i and 13?
13
Suppose -3*h = g - 6*g - 163, -3*h + 172 = 4*g. Calculate the greatest common divisor of h and 728.
56
Suppose -2*q + 354 = 162. Suppose -2*d - 14 = -3*d. Suppose d*h - q = 11*h. Calculate the greatest common divisor of 32 and h.
32
Let t be 4/(3/6*2). Calculate the highest common factor of 54 and t.
2
Let w = 311 - 305. Calculate the highest common divisor of 162 and w.
6
Let g(u) = u**3 - 2*u**2 - 5*u + 4. Suppose l = -5, 0 = -8*o + 3*o + 4*l + 45. Let i be g(o). Calculate the highest common factor of 9 and i.
9
Suppose 5*r + 365 = 5*k, 5*k + 3*r + 149 = 7*k. Suppose -5*t + t = -700. What is the greatest common divisor of k and t?
35
Let r(h) = -16*h - 9. Let c be r(-1). Suppose -105 = -3*k + 4*i, 0*k + 5*i + 175 = 5*k. Calculate the greatest common divisor of k and c.
7
Let q be 441/(-12) + 7/(-28). Let j = 54 + q. What is the greatest common factor of j and 85?
17
Suppose 0 = -5*k + 9 + 26. Let c = 15 - 10. Let d = c + k. Calculate the greatest common factor of d and 84.
12
Let k(z) = z - 6. Let m be k(6). Suppose m = -5*o + o - 20. Let y be (0 + -1)*7*o. Calculate the highest common divisor of 7 and y.
7
Let l = 673 - 533. What is the highest common divisor of l and 105?
35
Suppose j + 7 - 33 = 0. Suppose 2*r - j = 82. What is the highest common divisor of 27 and r?
27
Let d = 43 - 30. Suppose 15*y - 715 = 10*y. What is the greatest common factor of d and y?
13
Let m = -2 - 46. Let r = 68 + m. What is the greatest common divisor of r and 40?
20
Let r = 333 + -33. Calculate the highest common divisor of 40 and r.
20
Let u = -11 + 24. Suppose 0 = 15*h - u*h + 148. Let b = h + 134. What is the highest common factor of 15 and b?
15
Suppose 0 = 3*j + 40 - 10. Let u(s) = 2*s**2 + 20*s + 11. Let b be u(j). Calculate the greatest common divisor of b and 352.
11
Let s be (2/(-4))/((-14)/1512). What is the highest common divisor of 378 and s?
54
Suppose 0 = 4*k - 4*i - 2588, 11*k + 641 = 12*k + 2*i. Calculate the greatest common factor of k and 15.
15
Suppose 0 = -141*s + 147*s - 312. Calculate the highest common divisor of s and 78.
26
Let w be (-1)/3*(-8 - -8). Suppose w = v - 26 - 15. Suppose 0 = -4*y + 23 + v. What is the highest common divisor of 112 and y?
16
Let f = -454 - -477. What is the highest common divisor of f and 207?
23
Suppose -m = -3*m + 22. Suppose 0 = m*c - 13*c + 36. Let j(u) = -u**3 + 2*u**2 + 4*u + 3. Let l be j(-3). Calculate the highest common divisor of l and c.
18
Let l(q) be the first derivative of -13*q**2/2 + 6*q - 2. Let j be l(-6). Suppose -3*k + j = -k. What is the greatest common divisor of k and 14?
14
Suppose -2 - 14 = -4*y. Suppose -2*v + v - m = -y, 0 = 4*v - 4*m - 16. What is the greatest common factor of v and 44?
4
Suppose 0 = -2*m - 2*i + 42, 11*i - 60 = -2*m + 15*i. What is the highest common divisor of m and 480?
24
Let p be ((-2)/(-2))/(4/8). Suppose p*f + 2 - 10 = 0. Suppose -4*t = -16 - f. What is the greatest common factor of t and 5?
5
Suppose 30*s = 27*s - 2*j + 14387, -3*s + 14397 = -3*j. Calculate the highest common factor of 117 and s.
117
Let q(m) = -m**3 + 10*m**2 + 6*m - 4. Let b be q(7). Suppose -85 - b = -5*j. Calculate the greatest common factor of 18 and j.
18
Let v(k) = k + 0*k + 1 - 4 + 34*k**2 - k**3 - 35*k**2. Let p be v(-3). Calculate the highest common factor of p and 96.
12
Suppose -28*d = -250 - 1178. What is the highest common divisor of d and 68?
17
Suppose 5*k - 480 = 3*x, 0 = -8*k + 13*k + 2*x - 480. Calculate the greatest common divisor of k and 3.
3
Suppose w - 10 = -w. Let t = w - 2. Suppose -8 = t*o - 152. Calculate the highest common factor of 120 and o.
24
Let v be 28/126 - (-1177)/9*1. Suppose 0 = 2*k + 23 - v. Calculate the highest common divisor of 6 and k.
6
Let r = -11 + 23. Let i(h) = -22*h. Let j be i(-6). What is the greatest common factor of j and r?
12
Let l(d) = d**2 + 11*d - 96. Let a be l(-23). What is the highest common divisor of 20 and a?
20
Suppose -5*d + g = -104 + 25, -5*g = 20. Let j be (1 + -6)/(-2 - -1). Suppose j*x - 2*k - 65 = -0*x, 2*x - 25 = k. What is the highest common factor of x and d?
15
Let n be -212*(-1)/(-4)*-1. Let p = -40 + n. What is the greatest common divisor of p and 91?
13
Let r = -350 - -410. Calculate the highest common factor of 320 and r.
20
Let m be (64/28)/((-4)/(-14)). Let u = 4 - 9. Let h = m - u. What is the greatest common divisor of h and 78?
13
Let l = 10 + -22. Let m = 25 + l. Calculate 